ulate the greatest common divisor of w and s.
14
Suppose z = -2*k + 6, 0 = 3*z + 8*k - 4*k - 14. Suppose -a + 90 = z*a. Let l be (-1 + (-4)/16)/((-4)/64). Calculate the highest common factor of l and a.
10
Let o be -2*5/((-10)/28). Calculate the greatest common factor of 14 and o.
14
Let b = -17 + 51. What is the highest common divisor of b and 85?
17
Suppose 0 = -3*g + b + 41, 3*b = 2*g - 8 - 24. What is the highest common factor of g and 91?
13
Let z(d) be the second derivative of d**5/20 + 7*d**4/12 - d**3/3 - d**2/2 + d. Let l be z(-7). Calculate the greatest common divisor of l and 104.
13
Let i(l) = -l**2 + 7*l - 6. Let j be i(5). Let m(p) = p**3 - 2*p**2 - 2*p + 1. Let q be m(j). Calculate the highest common divisor of q and 10.
5
Suppose 3*g - 2*g - 184 = 0. Calculate the greatest common factor of g and 23.
23
Let u be 0 + 0 + 0 + 4. Calculate the greatest common factor of u and 20.
4
Let n be 2144/6 + 1/(-3). Suppose n = 3*j - 0. Calculate the highest common divisor of j and 17.
17
Let g(h) = -h**3 + 5*h**2 - h - 3. Let f be g(4). Calculate the greatest common divisor of 63 and f.
9
Let c = 162 + -94. Calculate the highest common factor of c and 17.
17
Let d(x) = x**3 + x**2 - x - 14. Let m be d(0). Let h = m - -6. Let t = 16 - h. Calculate the highest common factor of 60 and t.
12
Let m be 9/(-12) - (-126)/8. Calculate the highest common factor of 10 and m.
5
Let u(i) = -i**2 - 12*i - 26. Let b be u(-6). What is the greatest common divisor of b and 10?
10
Let p(k) = -6*k - 11. Let o be p(-6). What is the highest common divisor of 125 and o?
25
Suppose h - 4*t = 45, -4*h + t = -0*t - 105. Calculate the highest common factor of 175 and h.
25
Let w(o) = o**3 - 4*o**2 - 5*o - 7. Let d be w(5). Let i = -1 - d. What is the greatest common divisor of i and 4?
2
Let b(c) = 10*c**2 - c**3 - 4*c - 1 - 3 - 6*c. Let h be b(8). Suppose k = 2*o - 4*k - 1, k = -3*o + h. Calculate the highest common divisor of o and 104.
13
Let i = -22 - -38. Let j = 29 - i. What is the highest common factor of 117 and j?
13
Suppose -4*g = -g - 9. Suppose -3*c - 24 = -3*v, -g*c = -v + c + 2. Calculate the greatest common factor of v and 70.
10
Suppose -j - 64 = -4*b, -3*j - 2*j = 0. Let n be (-7785)/(-54) + (-1)/6. What is the greatest common factor of b and n?
16
Suppose 3*l - l - 20 = 0. What is the highest common factor of 50 and l?
10
Suppose 26 = 6*a + 8. Calculate the highest common divisor of 63 and a.
3
Let n = -3 + 43. Let w(o) = o**3 + o**2 - o - 158. Let t be w(0). Let k be 1/4 + t/(-8). Calculate the highest common factor of k and n.
20
Suppose -185 = -3*g + 3*b + 61, -5*g - 2*b = -403. What is the highest common factor of 54 and g?
27
Let f(s) = 14*s + 2. Let p be f(3). Calculate the highest common factor of 66 and p.
22
Suppose -4*r + 80 = -0*k + 2*k, 3*k = -r + 15. Let j = 26 - r. Suppose 37 + 2 = 3*d + 3*l, 8 = -4*l. Calculate the greatest common factor of j and d.
5
Suppose 3*y - 18 = y. Let c be (-1 - (-21)/y)*12. Let a be (-48)/(-4)*(-8)/(-6). What is the greatest common divisor of c and a?
16
Let o be ((-22)/(-4))/(6/24). Calculate the greatest common divisor of o and 110.
22
Suppose 4*p + 4*m + 8 = 0, 11 = -5*p + 4*m - 8*m. Let r be 32 + 3 + (p - -2). Suppose 5*v = 6 + 79. What is the highest common factor of r and v?
17
Let o(y) = 39*y**2 + 1. Let x be o(-1). Let z(l) = 3*l - 7. Let g be z(5). What is the greatest common divisor of g and x?
8
Suppose -6 = -j - 2*j. Suppose a = -j*a + 6. Let i be 103 + 2/(4 - a). What is the highest common factor of 13 and i?
13
Let g(h) = h + 2. Let u be g(-1). What is the greatest common factor of u and 1?
1
Let r = -18 + 30. What is the highest common factor of 8 and r?
4
Let p(l) = 21*l - 8. Let n be p(3). What is the greatest common factor of n and 5?
5
Let d be ((-26)/(-6))/(2/6). Suppose -5*a + 3 = -7. Suppose a*t + 8*f - 209 = 3*f, 2*t + 3*f = 219. What is the greatest common factor of d and t?
13
Let w be 0/(3/3) - -45. Let n = 20 + -11. What is the highest common factor of n and w?
9
Suppose 4*f - 33 - 19 = -2*m, 0 = 2*f - 5*m - 14. Suppose -f = -5*k + 48. Let d be 1/2 - 94/(-4). What is the greatest common factor of k and d?
12
Suppose 6 = 3*b - 9. Suppose -r + 87 = 5*x + 2*r, 0 = 4*x + b*r - 80. What is the highest common factor of x and 60?
15
Let b = -1 - -4. Let m be 3*(19*b + 0). Calculate the greatest common divisor of 19 and m.
19
Suppose 0 = -2*t + 8 + 14. Suppose -154 = -0*p - 2*p. What is the greatest common factor of t and p?
11
Let m(t) = -t**2 - 7*t - 2. Let x be m(-3). Calculate the highest common factor of x and 4.
2
Let t be 21/((-2)/4 - -1). Suppose -2*f - 5*d - 13 = 0, -d = -2*f + 4*f - 7. Calculate the greatest common factor of t and f.
6
Suppose o - 5*o + 60 = 0. Let z = 0 - -5. Let a be (24/z)/(4/50). Calculate the greatest common divisor of a and o.
15
Suppose 2*s - 65 = -2*x + 29, 0 = -4*s - 5*x + 190. Calculate the greatest common factor of 18 and s.
9
Let q(b) = 43*b - 4. Let a be q(-4). Let g = -122 - a. Let i = g + -30. Calculate the greatest common divisor of 12 and i.
12
Let a be -7 + 3 + (-2 - -1). Let t = a + 18. Let f = 42 + 23. Calculate the greatest common factor of f and t.
13
Let b = -10 - -15. Suppose -2*d = 3*d, -4*l = -5*d - 12. Let h = b - l. Calculate the highest common divisor of h and 2.
2
Let t = 19 - 13. What is the highest common factor of 1 and t?
1
Suppose 3*r + 11 = 29. Calculate the highest common factor of r and 9.
3
Let r(g) = g**2 + 4*g + 4. Let s be r(-4). Suppose 2*n - s*b - 56 = 0, -b - 4*b - 13 = -n. Calculate the highest common divisor of 57 and n.
19
Let k = 11 + 0. Let z be (264/9)/(5/15). Calculate the greatest common factor of k and z.
11
Suppose 0 = -4*l - 16 + 44. Let t = 79 + -44. Calculate the greatest common divisor of l and t.
7
Let i = 123 + -75. Suppose -3*x - 16 = -52. Calculate the greatest common factor of i and x.
12
Suppose 7*r - 480 = 3*r. Suppose 7*z = 4*z + r. What is the greatest common divisor of 20 and z?
20
Suppose o + o = 16. Suppose -r + 14 = -18. What is the highest common factor of r and o?
8
Let a = 160 + -97. Let d = 113 - a. What is the highest common factor of 10 and d?
10
Let g(v) = 15*v**3 - 2*v**2 - v. Let h be g(2). Let c = 72 - 28. What is the greatest common factor of c and h?
22
Suppose f - 27 = -2*f. Let n be 0 - -2*2/(-2). Let h = f + n. What is the greatest common divisor of 35 and h?
7
Suppose 0 = -4*w + 251 + 189. What is the greatest common factor of w and 22?
22
Let z be (15/(-10))/(-3)*2. Calculate the greatest common factor of z and 11.
1
Suppose -24 = -39*w + 36*w. Calculate the highest common factor of 40 and w.
8
Suppose 4*r = -113 + 337. What is the highest common factor of 7 and r?
7
Let z be -6 - -9 - (-12 - 0). Let y = 3 + 7. What is the highest common factor of y and z?
5
Suppose -2*b = 3*a - 5*b - 15, -4*a + 3*b = -19. Suppose 5*v + 9*z - 58 = 8*z, -5*v - 3*z + 54 = 0. Calculate the greatest common factor of v and a.
4
Let p = 45 - 25. Let g be (-13)/(-4) - (-2)/(-8). Let u be 5/g*(-9)/(-3). What is the greatest common factor of u and p?
5
Let z = 764 + -754. Let o(t) = -t**3 + 5*t**2 + 5*t - 4. Let b be o(6). Let w be (-4)/b - (-896)/10. Calculate the greatest common factor of w and z.
10
Let s be (-2 + -5)*(-1)/1. Let q be 2/s + 782/7. Let d be 16/(-40) - (-144)/10. Calculate the highest common factor of q and d.
14
Suppose -r - 2 + 11 = 0. Calculate the greatest common factor of r and 81.
9
Let u(n) = 3*n**3 + n**2 - n + 1. Let q be u(2). Let x(o) = -7*o - 52. Let c be x(-10). Calculate the highest common factor of q and c.
9
Let n(m) = -m**2 + 4*m. Let x be n(3). Let f = -13 + 22. Calculate the greatest common divisor of x and f.
3
Suppose -v - 16 + 70 = 2*q, 108 = 4*q + 5*v. Calculate the greatest common factor of q and 3.
3
Let t = 51 + -31. Suppose -5*b + t = -35. What is the greatest common divisor of b and 22?
11
Suppose 3*g = f + 3*f + 5, 0 = -5*f + 2*g - 1. Suppose 0 = 3*d - 0*d + 48. Let m = -11 - d. Calculate the highest common factor of f and m.
1
Let v be 10*(2 - (0 - -1)). Let i be (v/20)/(1/2). Calculate the greatest common factor of 1 and i.
1
Suppose -8 - 181 = -3*p. What is the greatest common divisor of p and 7?
7
Let i = 3 + -1. Suppose 0 = -i*q - q. Suppose q*l